{"id":295,"date":"2020-11-24T17:43:08","date_gmt":"2020-11-24T16:43:08","guid":{"rendered":"http:\/\/compagniestaccato.com\/?page_id=295"},"modified":"2021-01-11T16:29:38","modified_gmt":"2021-01-11T15:29:38","slug":"spectacles-musicaux","status":"publish","type":"page","link":"https:\/\/compagniestaccato.com\/index.php\/spectacles-musicaux\/","title":{"rendered":"1996\/2001"},"content":{"rendered":"\t\t<div data-elementor-type=\"wp-page\" data-elementor-id=\"295\" class=\"elementor elementor-295\">\n\t\t\t\t\t\t\t\t\t<section class=\"elementor-section elementor-top-section elementor-element elementor-element-905f4ec elementor-section-boxed elementor-section-height-default elementor-section-height-default\" data-id=\"905f4ec\" data-element_type=\"section\">\n\t\t\t\t\t\t<div class=\"elementor-container elementor-column-gap-default\">\n\t\t\t\t\t<div class=\"elementor-column elementor-col-100 elementor-top-column elementor-element elementor-element-725604d\" data-id=\"725604d\" data-element_type=\"column\">\n\t\t\t<div class=\"elementor-widget-wrap\">\n\t\t\t\t\t\t\t\t\t<\/div>\n\t\t<\/div>\n\t\t\t\t\t\t\t<\/div>\n\t\t<\/section>\n\t\t\t\t<section class=\"elementor-section elementor-top-section elementor-element elementor-element-109c9bd5 elementor-section-content-middle elementor-section-boxed elementor-section-height-default elementor-section-height-default\" data-id=\"109c9bd5\" data-element_type=\"section\">\n\t\t\t\t\t\t<div class=\"elementor-container elementor-column-gap-no\">\n\t\t\t\t\t<div class=\"elementor-column elementor-col-33 elementor-top-column elementor-element elementor-element-689202ea\" data-id=\"689202ea\" data-element_type=\"column\">\n\t\t\t<div class=\"elementor-widget-wrap elementor-element-populated\">\n\t\t\t\t\t\t\t\t<div class=\"elementor-element elementor-element-5b54f86 elementor-widget elementor-widget-heading\" data-id=\"5b54f86\" data-element_type=\"widget\" data-widget_type=\"heading.default\">\n\t\t\t\t<div class=\"elementor-widget-container\">\n\t\t\t<h3 class=\"elementor-heading-title elementor-size-medium\">SPECTACLES<\/h3>\t\t<\/div>\n\t\t\t\t<\/div>\n\t\t\t\t<div class=\"elementor-element elementor-element-43fd2827 elementor-widget elementor-widget-heading\" data-id=\"43fd2827\" data-element_type=\"widget\" data-widget_type=\"heading.default\">\n\t\t\t\t<div class=\"elementor-widget-container\">\n\t\t\t<h3 class=\"elementor-heading-title elementor-size-medium\"><i style=\"\">MUSICAUX<\/i><\/h3>\t\t<\/div>\n\t\t\t\t<\/div>\n\t\t\t\t<div class=\"elementor-element elementor-element-7679d11f elementor-widget elementor-widget-image\" data-id=\"7679d11f\" data-element_type=\"widget\" data-widget_type=\"image.default\">\n\t\t\t\t<div class=\"elementor-widget-container\">\n\t\t\t\t\t\t\t\t\t\t\t\t\t\t\t<img loading=\"lazy\" decoding=\"async\" width=\"881\" height=\"1024\" src=\"https:\/\/compagniestaccato.com\/wp-content\/uploads\/2020\/11\/fanchon-881x1024.jpg\" class=\"elementor-animation-grow attachment-large size-large wp-image-297\" alt=\"\" srcset=\"https:\/\/compagniestaccato.com\/wp-content\/uploads\/2020\/11\/fanchon-881x1024.jpg 881w, https:\/\/compagniestaccato.com\/wp-content\/uploads\/2020\/11\/fanchon-258x300.jpg 258w, https:\/\/compagniestaccato.com\/wp-content\/uploads\/2020\/11\/fanchon-768x892.jpg 768w, https:\/\/compagniestaccato.com\/wp-content\/uploads\/2020\/11\/fanchon-1322x1536.jpg 1322w, https:\/\/compagniestaccato.com\/wp-content\/uploads\/2020\/11\/fanchon.jpg 1377w\" sizes=\"auto, (max-width: 881px) 100vw, 881px\" \/>\t\t\t\t\t\t\t\t\t\t\t\t\t\t\t<\/div>\n\t\t\t\t<\/div>\n\t\t\t\t<div class=\"elementor-element elementor-element-188d991 elementor-widget elementor-widget-text-editor\" data-id=\"188d991\" data-element_type=\"widget\" data-widget_type=\"text-editor.default\">\n\t\t\t\t<div class=\"elementor-widget-container\">\n\t\t\t\t\t\t\t<p lang=\"zxx\"><b>FANCHON LA FILLE SANS PEUR<\/b><\/p><p lang=\"zxx\">Conte Musical jeune public<\/p><p lang=\"zxx\">Cr\u00e9\u00e9 en 1996<\/p><p lang=\"zxx\">Texte et chansons : H\u00e9l\u00e8ne Bothorel<\/p><p lang=\"zxx\">Musiques: Jean-Paul Jaouen<\/p><p lang=\"zxx\">Avec Th\u00e9r\u00e8se Jaslet, H\u00e9l\u00e8ne Bothorel, Philippe Robert<\/p><p lang=\"zxx\">Lumi\u00e8res : Yann Duclos<\/p>\t\t\t\t\t\t<\/div>\n\t\t\t\t<\/div>\n\t\t\t\t\t<\/div>\n\t\t<\/div>\n\t\t\t\t<div class=\"elementor-column elementor-col-33 elementor-top-column elementor-element elementor-element-4d7f0374\" data-id=\"4d7f0374\" data-element_type=\"column\">\n\t\t\t<div class=\"elementor-widget-wrap elementor-element-populated\">\n\t\t\t\t\t\t\t\t<div class=\"elementor-element elementor-element-231a72ee elementor-widget elementor-widget-image\" data-id=\"231a72ee\" data-element_type=\"widget\" data-widget_type=\"image.default\">\n\t\t\t\t<div class=\"elementor-widget-container\">\n\t\t\t\t\t\t\t\t\t\t\t\t\t\t\t<img loading=\"lazy\" decoding=\"async\" width=\"1024\" height=\"699\" src=\"https:\/\/compagniestaccato.com\/wp-content\/uploads\/2020\/11\/Photos-la-bonne-ame-022-1024x699.jpg\" class=\"elementor-animation-grow attachment-large size-large wp-image-208\" alt=\"\" srcset=\"https:\/\/compagniestaccato.com\/wp-content\/uploads\/2020\/11\/Photos-la-bonne-ame-022-1024x699.jpg 1024w, https:\/\/compagniestaccato.com\/wp-content\/uploads\/2020\/11\/Photos-la-bonne-ame-022-300x205.jpg 300w, https:\/\/compagniestaccato.com\/wp-content\/uploads\/2020\/11\/Photos-la-bonne-ame-022-768x524.jpg 768w, https:\/\/compagniestaccato.com\/wp-content\/uploads\/2020\/11\/Photos-la-bonne-ame-022.jpg 1360w\" sizes=\"auto, (max-width: 1024px) 100vw, 1024px\" \/>\t\t\t\t\t\t\t\t\t\t\t\t\t\t\t<\/div>\n\t\t\t\t<\/div>\n\t\t\t\t<div class=\"elementor-element elementor-element-7bf14a39 elementor-widget elementor-widget-text-editor\" data-id=\"7bf14a39\" data-element_type=\"widget\" data-widget_type=\"text-editor.default\">\n\t\t\t\t<div class=\"elementor-widget-container\">\n\t\t\t\t\t\t\t<p lang=\"zxx\"><b>L&rsquo;ARRANGEUR DE MOTS <\/b><\/p><p lang=\"zxx\">Conte Musical jeune public<\/p><p lang=\"zxx\">Cr\u00e9\u00e9 en 2001<\/p><p lang=\"zxx\">Texte et chansons : H\u00e9l\u00e8ne Bothorel<\/p><p lang=\"zxx\">Avec Brigitte Stanislas, Th\u00e9r\u00e8se Jaslet, Alain Petit, H\u00e9l\u00e8ne Bothorel<\/p><p lang=\"zxx\">D\u00e9cors et costumes: B\u00e9atrice Laisne<\/p><p lang=\"zxx\">Lumi\u00e8res: Yann Duclos<\/p><p><br \/><br \/><\/p>\t\t\t\t\t\t<\/div>\n\t\t\t\t<\/div>\n\t\t\t\t\t<\/div>\n\t\t<\/div>\n\t\t\t\t<div class=\"elementor-column elementor-col-33 elementor-top-column elementor-element elementor-element-3d06d2d3\" data-id=\"3d06d2d3\" data-element_type=\"column\">\n\t\t\t<div class=\"elementor-widget-wrap elementor-element-populated\">\n\t\t\t\t\t\t\t\t<div class=\"elementor-element elementor-element-5fe23d2b elementor-widget elementor-widget-image\" data-id=\"5fe23d2b\" data-element_type=\"widget\" data-widget_type=\"image.default\">\n\t\t\t\t<div class=\"elementor-widget-container\">\n\t\t\t\t\t\t\t\t\t\t\t\t\t\t\t<img loading=\"lazy\" decoding=\"async\" width=\"650\" height=\"424\" src=\"https:\/\/compagniestaccato.com\/wp-content\/uploads\/2020\/11\/LOUP-trio.jpg\" class=\"elementor-animation-grow attachment-full size-full wp-image-298\" alt=\"\" srcset=\"https:\/\/compagniestaccato.com\/wp-content\/uploads\/2020\/11\/LOUP-trio.jpg 650w, https:\/\/compagniestaccato.com\/wp-content\/uploads\/2020\/11\/LOUP-trio-300x196.jpg 300w\" sizes=\"auto, (max-width: 650px) 100vw, 650px\" \/>\t\t\t\t\t\t\t\t\t\t\t\t\t\t\t<\/div>\n\t\t\t\t<\/div>\n\t\t\t\t<div class=\"elementor-element elementor-element-918eeca elementor-widget elementor-widget-text-editor\" data-id=\"918eeca\" data-element_type=\"widget\" data-widget_type=\"text-editor.default\">\n\t\t\t\t<div class=\"elementor-widget-container\">\n\t\t\t\t\t\t\t<p lang=\"zxx\"><b>QUAND ON PARLE DU LOUP<\/b><\/p>\n<p lang=\"zxx\">Conte musical jeune public<\/p>\n<p lang=\"zxx\">Cr\u00e9\u00e9 en 1998<\/p>\n<p lang=\"zxx\">Texte et chansons : H\u00e9l\u00e8ne Bothorel<\/p>\n<p lang=\"zxx\">Mise en sc\u00e8ne : Brigitte Stanislas<\/p>\n<p lang=\"zxx\">Sc\u00e9nographie: Philippe Robert<\/p>\n<p lang=\"zxx\">Musique: Christine Apkarian<\/p>\n<p lang=\"zxx\">Lumi\u00e8res: Fr\u00e9d\u00e9rique Gourdais<\/p>\n<p lang=\"zxx\">Avec Th\u00e9r\u00e8se Jaslet, H\u00e9l\u00e8ne Bothorel, Philippe Robert<\/p>\t\t\t\t\t\t<\/div>\n\t\t\t\t<\/div>\n\t\t\t\t\t<\/div>\n\t\t<\/div>\n\t\t\t\t\t\t\t<\/div>\n\t\t<\/section>\n\t\t\t\t\t\t\t<\/div>\n\t\t","protected":false},"excerpt":{"rendered":"<p>SPECTACLES MUSICAUX FANCHON LA FILLE SANS PEUR Conte Musical jeune public Cr\u00e9\u00e9 en 1996 Texte et chansons : H\u00e9l\u00e8ne Bothorel Musiques: Jean-Paul Jaouen Avec Th\u00e9r\u00e8se Jaslet, H\u00e9l\u00e8ne Bothorel, Philippe Robert Lumi\u00e8res : Yann Duclos L&rsquo;ARRANGEUR DE MOTS Conte Musical jeune public Cr\u00e9\u00e9 en 2001 Texte et chansons : H\u00e9l\u00e8ne Bothorel Avec Brigitte Stanislas, Th\u00e9r\u00e8se Jaslet, [&hellip;]<\/p>\n","protected":false},"author":1,"featured_media":0,"parent":0,"menu_order":0,"comment_status":"closed","ping_status":"closed","template":"","meta":{"ocean_post_layout":"","ocean_both_sidebars_style":"","ocean_both_sidebars_content_width":0,"ocean_both_sidebars_sidebars_width":0,"ocean_sidebar":"0","ocean_second_sidebar":"0","ocean_disable_margins":"enable","ocean_add_body_class":"","ocean_shortcode_before_top_bar":"","ocean_shortcode_after_top_bar":"","ocean_shortcode_before_header":"","ocean_shortcode_after_header":"","ocean_has_shortcode":"","ocean_shortcode_after_title":"","ocean_shortcode_before_footer_widgets":"","ocean_shortcode_after_footer_widgets":"","ocean_shortcode_before_footer_bottom":"","ocean_shortcode_after_footer_bottom":"","ocean_display_top_bar":"default","ocean_display_header":"default","ocean_header_style":"","ocean_center_header_left_menu":"0","ocean_custom_header_template":"0","ocean_custom_logo":0,"ocean_custom_retina_logo":0,"ocean_custom_logo_max_width":0,"ocean_custom_logo_tablet_max_width":0,"ocean_custom_logo_mobile_max_width":0,"ocean_custom_logo_max_height":0,"ocean_custom_logo_tablet_max_height":0,"ocean_custom_logo_mobile_max_height":0,"ocean_header_custom_menu":"0","ocean_menu_typo_font_family":"0","ocean_menu_typo_font_subset":"","ocean_menu_typo_font_size":0,"ocean_menu_typo_font_size_tablet":0,"ocean_menu_typo_font_size_mobile":0,"ocean_menu_typo_font_size_unit":"px","ocean_menu_typo_font_weight":"","ocean_menu_typo_font_weight_tablet":"","ocean_menu_typo_font_weight_mobile":"","ocean_menu_typo_transform":"","ocean_menu_typo_transform_tablet":"","ocean_menu_typo_transform_mobile":"","ocean_menu_typo_line_height":0,"ocean_menu_typo_line_height_tablet":0,"ocean_menu_typo_line_height_mobile":0,"ocean_menu_typo_line_height_unit":"","ocean_menu_typo_spacing":0,"ocean_menu_typo_spacing_tablet":0,"ocean_menu_typo_spacing_mobile":0,"ocean_menu_typo_spacing_unit":"","ocean_menu_link_color":"","ocean_menu_link_color_hover":"","ocean_menu_link_color_active":"","ocean_menu_link_background":"","ocean_menu_link_hover_background":"","ocean_menu_link_active_background":"","ocean_menu_social_links_bg":"","ocean_menu_social_hover_links_bg":"","ocean_menu_social_links_color":"","ocean_menu_social_hover_links_color":"","ocean_disable_title":"default","ocean_disable_heading":"default","ocean_post_title":"","ocean_post_subheading":"","ocean_post_title_style":"","ocean_post_title_background_color":"","ocean_post_title_background":0,"ocean_post_title_bg_image_position":"","ocean_post_title_bg_image_attachment":"","ocean_post_title_bg_image_repeat":"","ocean_post_title_bg_image_size":"","ocean_post_title_height":0,"ocean_post_title_bg_overlay":0.5,"ocean_post_title_bg_overlay_color":"","ocean_disable_breadcrumbs":"default","ocean_breadcrumbs_color":"","ocean_breadcrumbs_separator_color":"","ocean_breadcrumbs_links_color":"","ocean_breadcrumbs_links_hover_color":"","ocean_display_footer_widgets":"default","ocean_display_footer_bottom":"default","ocean_custom_footer_template":"0","footnotes":""},"class_list":["post-295","page","type-page","status-publish","hentry","entry"],"jetpack_sharing_enabled":true,"_links":{"self":[{"href":"https:\/\/compagniestaccato.com\/index.php\/wp-json\/wp\/v2\/pages\/295","targetHints":{"allow":["GET"]}}],"collection":[{"href":"https:\/\/compagniestaccato.com\/index.php\/wp-json\/wp\/v2\/pages"}],"about":[{"href":"https:\/\/compagniestaccato.com\/index.php\/wp-json\/wp\/v2\/types\/page"}],"author":[{"embeddable":true,"href":"https:\/\/compagniestaccato.com\/index.php\/wp-json\/wp\/v2\/users\/1"}],"replies":[{"embeddable":true,"href":"https:\/\/compagniestaccato.com\/index.php\/wp-json\/wp\/v2\/comments?post=295"}],"version-history":[{"count":37,"href":"https:\/\/compagniestaccato.com\/index.php\/wp-json\/wp\/v2\/pages\/295\/revisions"}],"predecessor-version":[{"id":839,"href":"https:\/\/compagniestaccato.com\/index.php\/wp-json\/wp\/v2\/pages\/295\/revisions\/839"}],"wp:attachment":[{"href":"https:\/\/compagniestaccato.com\/index.php\/wp-json\/wp\/v2\/media?parent=295"}],"curies":[{"name":"wp","href":"https:\/\/api.w.org\/{rel}","templated":true}]}}